{"id":3032,"date":"2022-06-09T18:27:47","date_gmt":"2022-06-09T18:27:47","guid":{"rendered":"https:\/\/moadhome.com.br\/site\/?post_type=product&#038;p=3032"},"modified":"2025-07-19T14:26:34","modified_gmt":"2025-07-19T14:26:34","slug":"troia-2","status":"publish","type":"product","link":"https:\/\/moadhome.com.br\/site\/produto\/troia-2\/","title":{"rendered":"Troia"},"content":{"rendered":"","protected":false},"excerpt":{"rendered":"<p>A combina\u00e7\u00e3o de corda e cumaru deu origem ao Arezzo. Uma linha despretensiosa que causa aquela sensa\u00e7\u00e3o boa de quando a mem\u00f3ria revisita dias ensolarados de uma tarde de inverno rigoroso &#8211; t\u00e3o familiar quanto os ares da cidade mediterr\u00e2nea que batiza o mobili\u00e1rio.<\/p>\n","protected":false},"featured_media":3033,"template":"","meta":[],"_links":{"self":[{"href":"https:\/\/moadhome.com.br\/site\/wp-json\/wp\/v2\/product\/3032"}],"collection":[{"href":"https:\/\/moadhome.com.br\/site\/wp-json\/wp\/v2\/product"}],"about":[{"href":"https:\/\/moadhome.com.br\/site\/wp-json\/wp\/v2\/types\/product"}],"wp:featuredmedia":[{"embeddable":true,"href":"https:\/\/moadhome.com.br\/site\/wp-json\/wp\/v2\/media\/3033"}],"wp:attachment":[{"href":"https:\/\/moadhome.com.br\/site\/wp-json\/wp\/v2\/media?parent=3032"}],"curies":[{"name":"wp","href":"https:\/\/api.w.org\/{rel}","templated":true}]}}