{"id":3075,"date":"2022-06-09T19:55:05","date_gmt":"2022-06-09T19:55:05","guid":{"rendered":"https:\/\/moadhome.com.br\/site\/?post_type=product&#038;p=3075"},"modified":"2022-06-09T19:55:05","modified_gmt":"2022-06-09T19:55:05","slug":"ilhabela","status":"publish","type":"product","link":"https:\/\/moadhome.com.br\/site\/produto\/ilhabela\/","title":{"rendered":"Ilhabela"},"content":{"rendered":"","protected":false},"excerpt":{"rendered":"<p>O efeito das tramas \u00e9 cativante. O conforto visual provocado pelo design Ilhabela nos transporta imediatamente para um dia de f\u00e9rias ou um fim de semana de folga. Resultado da combina\u00e7\u00e3o meticulosa de tramas curvil\u00edneas que convidam a se esbaldar num dia de puro relaxamento.<\/p>\n","protected":false},"featured_media":3041,"template":"","meta":[],"_links":{"self":[{"href":"https:\/\/moadhome.com.br\/site\/wp-json\/wp\/v2\/product\/3075"}],"collection":[{"href":"https:\/\/moadhome.com.br\/site\/wp-json\/wp\/v2\/product"}],"about":[{"href":"https:\/\/moadhome.com.br\/site\/wp-json\/wp\/v2\/types\/product"}],"wp:featuredmedia":[{"embeddable":true,"href":"https:\/\/moadhome.com.br\/site\/wp-json\/wp\/v2\/media\/3041"}],"wp:attachment":[{"href":"https:\/\/moadhome.com.br\/site\/wp-json\/wp\/v2\/media?parent=3075"}],"curies":[{"name":"wp","href":"https:\/\/api.w.org\/{rel}","templated":true}]}}