{"id":3080,"date":"2022-06-09T20:27:28","date_gmt":"2022-06-09T20:27:28","guid":{"rendered":"https:\/\/moadhome.com.br\/site\/?post_type=product&#038;p=3080"},"modified":"2022-06-09T20:27:28","modified_gmt":"2022-06-09T20:27:28","slug":"monaco-2","status":"publish","type":"product","link":"https:\/\/moadhome.com.br\/site\/produto\/monaco-2\/","title":{"rendered":"Monaco"},"content":{"rendered":"","protected":false},"excerpt":{"rendered":"<p>O esplendoroso Ip\u00ea-Champagne demonstra neste mobili\u00e1rio o inestim\u00e1vel valor encontrado na mat\u00e9ria-prima nacional: uma madeira com resultado moderno e exuberante na sua naturalidade. A voluptuosidade das almofadas \u00e9 um show que faz parte &#8211; \u00e9 fartura e conforto \u00e0 beira de uma tarde na piscina.<\/p>\n","protected":false},"featured_media":3051,"template":"","meta":[],"_links":{"self":[{"href":"https:\/\/moadhome.com.br\/site\/wp-json\/wp\/v2\/product\/3080"}],"collection":[{"href":"https:\/\/moadhome.com.br\/site\/wp-json\/wp\/v2\/product"}],"about":[{"href":"https:\/\/moadhome.com.br\/site\/wp-json\/wp\/v2\/types\/product"}],"wp:featuredmedia":[{"embeddable":true,"href":"https:\/\/moadhome.com.br\/site\/wp-json\/wp\/v2\/media\/3051"}],"wp:attachment":[{"href":"https:\/\/moadhome.com.br\/site\/wp-json\/wp\/v2\/media?parent=3080"}],"curies":[{"name":"wp","href":"https:\/\/api.w.org\/{rel}","templated":true}]}}